at is the highest common factor of 403374 and 1529247?
2553
Calculate the greatest common divisor of 18451796 and 12144.
1012
Calculate the highest common factor of 160475030 and 3090.
1030
Calculate the greatest common divisor of 19811680 and 245.
245
Calculate the highest common divisor of 13171952 and 11936.
16
Calculate the highest common factor of 14 and 150709.
1
Calculate the highest common factor of 22231836 and 8649.
279
Calculate the greatest common factor of 8073 and 6421623.
897
Calculate the highest common divisor of 27728323 and 41258.
2947
Calculate the greatest common divisor of 350826 and 672.
42
Calculate the highest common factor of 78717 and 536541.
57
What is the greatest common factor of 2166884 and 4?
4
Calculate the highest common divisor of 147 and 4992433551.
147
Calculate the greatest common divisor of 93000 and 3754500.
1500
Calculate the greatest common divisor of 1417099 and 23.
23
What is the greatest common factor of 43912 and 10076?
44
What is the highest common factor of 16300540 and 40?
20
Calculate the greatest common divisor of 368331088 and 1766.
1766
What is the greatest common factor of 363203 and 7627?
263
What is the highest common factor of 2677964 and 48806?
2122
Calculate the highest common divisor of 1574720 and 269472.
224
What is the highest common divisor of 6917123 and 775?
31
Calculate the highest common factor of 16278041 and 817.
19
What is the highest common divisor of 70917222 and 8844?
402
What is the greatest common factor of 136 and 973464?
8
Calculate the highest common divisor of 48 and 282138264.
24
Calculate the highest common divisor of 14919372 and 994.
142
Calculate the highest common divisor of 4558431 and 221.
17
What is the highest common factor of 3781011 and 507?
39
Calculate the highest common factor of 9 and 298272.
3
Calculate the highest common divisor of 3 and 61184.
1
What is the greatest common divisor of 639243 and 244779?
1761
Calculate the greatest common factor of 5562787 and 1714.
857
What is the highest common divisor of 75586290 and 390?
390
What is the highest common divisor of 709824 and 136789?
3697
What is the greatest common factor of 999525 and 375?
75
Calculate the highest common factor of 89670 and 539850.
1830
Calculate the highest common factor of 302 and 57499743.
151
Calculate the greatest common factor of 359658 and 88722.
954
What is the highest common divisor of 18 and 517486?
2
Calculate the highest common divisor of 3169318 and 2188.
1094
Calculate the highest common factor of 24760 and 23440.
40
What is the highest common factor of 352 and 414293?
11
What is the highest common factor of 54995 and 1738420?
85
What is the greatest common factor of 637100550 and 1575?
225
Calculate the greatest common divisor of 78995732 and 1231.
1231
Calculate the greatest common divisor of 2272 and 10506367.
71
Calculate the greatest common divisor of 2416152 and 264.
24
Calculate the greatest common divisor of 611102221 and 843.
281
What is the highest common divisor of 1932 and 51838164?
84
What is the highest common divisor of 51097635 and 1917?
1917
What is the greatest common divisor of 102 and 774039597?
51
What is the greatest common factor of 13983329 and 2981?
271
What is the highest common factor of 10157856 and 3648?
1824
Calculate the greatest common divisor of 67 and 43717433.
67
What is the highest common divisor of 17069 and 3486015?
1313
What is the greatest common divisor of 7959 and 781683?
21
What is the greatest common divisor of 6688536 and 24?
24
Calculate the highest common divisor of 636 and 1664094.
318
What is the highest common factor of 2691 and 186102384?
897
Calculate the highest common divisor of 206829032 and 1348.
1348
Calculate the greatest common factor of 586147882 and 149778.
16642
Calculate the greatest common factor of 5440 and 2367165.
85
What is the highest common factor of 200416 and 61565290?
12526
Calculate the greatest common factor of 18680410 and 210.
70
What is the greatest common factor of 595 and 140653359?
119
Calculate the greatest common divisor of 181 and 5784217.
181
What is the greatest common factor of 1980 and 20389410?
90
What is the highest common factor of 6409 and 33414554?
493
What is the greatest common factor of 2284302 and 401322?
1902
What is the highest common factor of 10987 and 31?
1
What is the highest common factor of 755715 and 5663310?
9105
What is the greatest common factor of 110 and 104260090?
110
Calculate the greatest common factor of 510 and 9274554.
102
Calculate the greatest common divisor of 1638 and 15779673.
819
What is the greatest common factor of 185780 and 705740?
140
Calculate the greatest common factor of 3587526 and 306.
18
Calculate the highest common divisor of 132048 and 428632.
1048
What is the highest common divisor of 51 and 156298?
17
Calculate the highest common factor of 130 and 11320630.
10
Calculate the greatest common divisor of 70921417 and 76789.
4517
Calculate the highest common factor of 26359633 and 92.
23
Calculate the highest common factor of 421260 and 19740.
420
What is the greatest common divisor of 1496 and 1702272?
88
What is the greatest common factor of 33424 and 22864?
16
What is the greatest common factor of 31926 and 123930?
102
What is the greatest common divisor of 2 and 2166237?
1
Calculate the highest common divisor of 25826 and 7918.
74
What is the greatest common divisor of 3050 and 75965618?
122
Calculate the highest common divisor of 6902 and 22717933.
3451
What is the highest common divisor of 8 and 69124808?
8
What is the greatest common factor of 10 and 182649190?
10
What is the greatest common divisor of 50976 and 107838?
54
What is the greatest common factor of 91 and 461965?
7
What is the highest common factor of 178967880 and 1040?
520
Calculate the highest common factor of 35975 and 3578793.
1439
What is the highest common divisor of 1519 and 578429?
31
Calculate the greatest common factor of 191155 and 530.
5
Calculate the greatest common divisor of 9407615 and 35.
35
What is the greatest common factor of 364198816 and 8?
8
Calculate the highest common factor of 140479668 and 776.
388
Calculate the greatest common factor of 285704 and 138024.
568
What is the greatest common divisor of 163256877 and 243?
243
What is the highest common factor of 45750537 and 133?
133
What is the greatest common divisor of 9 and 2407969?
1
Calculate the highest common factor of 299 and 1090821.
23
Calculate the greatest common factor of 781347 and 2667.
21
Calculate the greatest common divisor of 262008 and 105192.
216
What is the highest common factor of 92 and 135855572?
92
Calculate the greatest common factor of 12969 and 2241279.
1179
Calculate the greatest common factor of 216889 and 409454.
2027
What is the highest common divisor of 19648 and 170999?
307
Calculate the greatest common divisor of 23391 and 342646962.
7797
What is the highest common divisor of 12153675 and 5604?
1401
What is the greatest common divisor of 40069 and 6341?
17
Calculate the highest common divisor of 1157 and 1062571.
89
What is the greatest common divisor of 2112093 and 72921?
327
What is the greatest common factor of 382530 and 4704186?
1866
What is the highest common factor of 2173 and 6653726?
2173
What is the greatest common factor of 2716625 and 625?
125
Calculate the greatest common divisor of 68 and 1025238091.
17
What is the greatest common factor of 106612 and 140734?
22
What is the highest common divisor of 14144 and 1623500?
68
What is the greatest common factor of 49505157 and 156?
39
What is the highest common divisor of 49347270 and 74?
74
Calculate the highest common factor of 130 and 80951420.
10
Calculate the greatest common divisor of 9 and 22552281.
9
Calculate the highest common divisor of 550 and 481030.
110
What is the greatest common factor of 108 and 447147?
27
Calculate the greatest common divisor of 285749 and 197.
1
Calculate the highest common divisor of 35256 and 157560.
312
Calculate the highest common divisor of 5050 and 81890.
10
Calculate the highest common divisor of 157392 and 12320296.
8744
Calculate the highest common divisor of 170 and 300543510.
170
What is the greatest common factor of 1247 and 10326794?
43
What is t